{"id":20,"date":"2019-09-03T21:06:04","date_gmt":"2019-09-03T21:06:04","guid":{"rendered":"https:\/\/dampf-eck.de\/?page_id=20"},"modified":"2025-10-09T16:40:19","modified_gmt":"2025-10-09T16:40:19","slug":"herzlich-willkommen","status":"publish","type":"page","link":"https:\/\/dampf-eck.de\/","title":{"rendered":"Herzlich Willkommen!"},"content":{"rendered":"\n<p>Wir beraten euch gern und freuen uns auf euren Besuch in unserem Ladengesch\u00e4ft<br><br><mark style=\"background-color:rgba(0, 0, 0, 0)\" class=\"has-inline-color has-vivid-red-color\"><strong>+++  24\/7 Vape-Automat direkt am Gesch\u00e4ft  +++  Webshop ist in Arbeit  +++<\/strong><\/mark><br><br><\/p>\n\n\n\n<figure class=\"wp-block-image size-full is-style-default wp-duotone-unset-1\"><img loading=\"lazy\" decoding=\"async\" width=\"783\" height=\"527\" src=\"https:\/\/dampf-eck.de\/wp-content\/uploads\/2025\/05\/e_zigarette_hg-startbild-1.jpg\" alt=\"\" class=\"wp-image-247\" srcset=\"https:\/\/dampf-eck.de\/wp-content\/uploads\/2025\/05\/e_zigarette_hg-startbild-1.jpg 783w, https:\/\/dampf-eck.de\/wp-content\/uploads\/2025\/05\/e_zigarette_hg-startbild-1-300x202.jpg 300w, https:\/\/dampf-eck.de\/wp-content\/uploads\/2025\/05\/e_zigarette_hg-startbild-1-768x517.jpg 768w\" sizes=\"auto, (max-width: 706px) 89vw, (max-width: 767px) 82vw, 740px\" \/><\/figure>\n\n\n\n<p style=\"font-size:13px\"><br><br>Bitte beachten Sie: F\u00fcr Menschen, die unter Herz-Kreislauf-Erkrankungen leiden, stillende M\u00fctter, Schwangere und Personen unter 18 Jahren sind E-Zigaretten nicht geeignet! Ebenso m\u00fcssen die Ger\u00e4te f\u00fcr Kinder unzug\u00e4nglich aufbewahrt werden. Dampf-Eck-Produkte sind kein Mittel zur Nikotin-Entw\u00f6hnung! Bitte wenden Sie sich an Ihren Apotheker oder Arzt, sollten Sie den Nikotin-Konsum aufgeben wollen.<\/p>\n","protected":false},"excerpt":{"rendered":"<p>Wir beraten euch gern und freuen uns auf euren Besuch in unserem Ladengesch\u00e4ft +++ 24\/7 Vape-Automat direkt am Gesch\u00e4ft +++ Webshop ist in Arbeit +++ Bitte beachten Sie: F\u00fcr Menschen, die unter Herz-Kreislauf-Erkrankungen leiden, stillende M\u00fctter, Schwangere und Personen unter 18 Jahren sind E-Zigaretten nicht geeignet! Ebenso m\u00fcssen die Ger\u00e4te f\u00fcr Kinder unzug\u00e4nglich aufbewahrt werden. &hellip; <\/p>\n<p class=\"link-more\"><a href=\"https:\/\/dampf-eck.de\/\" class=\"more-link\"><span class=\"screen-reader-text\">\u201eHerzlich Willkommen!\u201c<\/span> weiterlesen<\/a><\/p>\n","protected":false},"author":1,"featured_media":0,"parent":0,"menu_order":0,"comment_status":"closed","ping_status":"closed","template":"","meta":{"footnotes":""},"class_list":["post-20","page","type-page","status-publish","hentry"],"_links":{"self":[{"href":"https:\/\/dampf-eck.de\/index.php?rest_route=\/wp\/v2\/pages\/20","targetHints":{"allow":["GET"]}}],"collection":[{"href":"https:\/\/dampf-eck.de\/index.php?rest_route=\/wp\/v2\/pages"}],"about":[{"href":"https:\/\/dampf-eck.de\/index.php?rest_route=\/wp\/v2\/types\/page"}],"author":[{"embeddable":true,"href":"https:\/\/dampf-eck.de\/index.php?rest_route=\/wp\/v2\/users\/1"}],"replies":[{"embeddable":true,"href":"https:\/\/dampf-eck.de\/index.php?rest_route=%2Fwp%2Fv2%2Fcomments&post=20"}],"version-history":[{"count":51,"href":"https:\/\/dampf-eck.de\/index.php?rest_route=\/wp\/v2\/pages\/20\/revisions"}],"predecessor-version":[{"id":290,"href":"https:\/\/dampf-eck.de\/index.php?rest_route=\/wp\/v2\/pages\/20\/revisions\/290"}],"wp:attachment":[{"href":"https:\/\/dampf-eck.de\/index.php?rest_route=%2Fwp%2Fv2%2Fmedia&parent=20"}],"curies":[{"name":"wp","href":"https:\/\/api.w.org\/{rel}","templated":true}]}}